{"id":17,"date":"2025-02-01T23:09:39","date_gmt":"2025-02-01T22:09:39","guid":{"rendered":"http:\/\/troupedelamisericorde.fr\/?page_id=17"},"modified":"2025-02-01T23:09:39","modified_gmt":"2025-02-01T22:09:39","slug":"qui-sommes-nous","status":"publish","type":"page","link":"https:\/\/troupedelamisericorde.fr\/index.php\/qui-sommes-nous\/","title":{"rendered":"Qui sommes nous ?\nPr\u00e9sentation de la Troupe de la Mis\u00e9ricorde"},"content":{"rendered":"\n<p><strong>Depuis plusieurs ann\u00e9es, la troupe de la mis\u00e9ricorde s\u2019est fix\u00e9e pour objectif de pr\u00e9senter chaque ann\u00e9e une pi\u00e8ce de th\u00e9\u00e2tre chr\u00e9tien. R\u00e9unissant une trentaine d\u2019acteurs d\u2019horizon diff\u00e9rent, ils mettent leurs talents et leur temps \u00e0 profit pour pr\u00e9senter, par le th\u00e9\u00e2tre, une vie de saint et ainsi contribuer \u00e0 \u00e9lever nos \u00e2mes. La troupe de la mis\u00e9ricorde s\u2019associe chaque ann\u00e9e \u00e0 une association caritative chr\u00e9tienne \u00e0 laquelle elle reverse les b\u00e9n\u00e9fices collect\u00e9s lors de ses repr\u00e9sentations (voir&nbsp;<a href=\"https:\/\/troupedelamisericorde.e-monsite.com\/liens\/\" target=\"_blank\" rel=\"noreferrer noopener\">Liens<\/a>)<\/strong><\/p>\n\n\n\n<p>A l&#8217;origine, notre troupe est un groupe de pri\u00e8re, fond\u00e9 en 2008, le groupe de la Mis\u00e9ricorde r\u00e9unissait des \u00e9tudiants et jeunes professionnels chaque semaine autour &nbsp;d\u2019une formation spirituelle et de la r\u00e9citation du chapelet de&nbsp;la Mis\u00e9ricorde&nbsp;de Sainte Faustine.<\/p>\n\n\n\n<p>Depuis 2012 le groupe est devenu la troupe de&nbsp;la Mis\u00e9ricorde. Cette&nbsp;ann\u00e9e l\u00e0 elle a jou\u00e9<em>\u00ab&nbsp;Le Dialogue des carm\u00e9lites&nbsp;\u00bb<\/em>&nbsp;de Bernanos dans les \u00e9glises : dans les paroisses de Saint Similien et Saint Cl\u00e9ment pour finir au carmel de Nantes.<\/p>\n\n\n\n<p>En 2013, elle a jou\u00e9 \u00ab&nbsp;<em>le com\u00e9dien pris \u00e0 son jeu<\/em>&nbsp;\u00bb, vie de Saint Genest, martyr romain et patron des com\u00e9diens. Inspir\u00e9s des pi\u00e8ces de Desfontaine et Gh\u00e9on, elle s&#8217;est produit depuis sur des sc\u00e8nes plus classiques en conservant sa sp\u00e9cificit\u00e9 d\u2019allier des chants religieux au jeu d\u2019acteurs.<\/p>\n\n\n\n<p>En 2014, la troupe continue sur sa lanc\u00e9e. Elle a pr\u00e9sent\u00e9 \u00ab&nbsp;<em>Fors l\u2019honneur de<\/em>&nbsp;Dieu&nbsp;\u00bb, une vie de Saint Thomas Becket d\u2019apr\u00e8s Jean Anouilh.&nbsp;<\/p>\n\n\n\n<p>En 2016, c&#8217;est le XVIIe si\u00e8cle, si f\u00e9cond en personnalit\u00e9s fortes, inspirantes &#8230; et saintes, que la troupe se dessine \u00e0 vous faire d\u00e9couvrir \u00e0 travers &#8220;<em>Le si\u00e8cle des Saints<\/em>&#8220;.<\/p>\n\n\n\n<p>Deux ann\u00e9es plus tard, avec &#8220;<em>C&#8217;est pourquoi je ne faiblirai pas<\/em>&#8220;, nous marchons sur les pas de Baudouin IV, roi de J\u00e9rusalem, qui malgr\u00e9 sa courte vie, nous a montr\u00e9 toute sa force et son amour de Dieu.<\/p>\n\n\n\n<p>Puis, nos p\u00e9r\u00e9grinations nous ont men\u00e9 en 2022 sur les pas de Madame Elisabeth, soeur de Louis XVI, pour une nouvelle pi\u00e8ce &#8220;<em>Que m&#8217;arrivera-t-il aujourd&#8217;hui?<\/em>&#8220;.<\/p>\n\n\n\n<p>Et en 2024, nous vous avons pr\u00e9sent\u00e9 la belle figure de Don Bosco, l&#8217;ap\u00f4tre des jeunes dans : &#8220;<em>Non, pas avec les poings, mais avec la douceur !&#8221;.<\/em><\/p>\n","protected":false},"excerpt":{"rendered":"<p>Depuis plusieurs ann\u00e9es, la troupe de la mis\u00e9ricorde s\u2019est fix\u00e9e pour objectif de pr\u00e9senter chaque ann\u00e9e une pi\u00e8ce de th\u00e9\u00e2tre chr\u00e9tien. R\u00e9unissant une trentaine d\u2019acteurs d\u2019horizon diff\u00e9rent, ils mettent leurs talents et leur temps \u00e0 profit pour pr\u00e9senter, par le th\u00e9\u00e2tre, une vie de saint et ainsi contribuer \u00e0 \u00e9lever nos \u00e2mes. La troupe de [&hellip;]<\/p>\n","protected":false},"author":1,"featured_media":0,"parent":0,"menu_order":0,"comment_status":"closed","ping_status":"closed","template":"","meta":{"footnotes":""},"class_list":["post-17","page","type-page","status-publish","hentry"],"_links":{"self":[{"href":"https:\/\/troupedelamisericorde.fr\/index.php\/wp-json\/wp\/v2\/pages\/17","targetHints":{"allow":["GET"]}}],"collection":[{"href":"https:\/\/troupedelamisericorde.fr\/index.php\/wp-json\/wp\/v2\/pages"}],"about":[{"href":"https:\/\/troupedelamisericorde.fr\/index.php\/wp-json\/wp\/v2\/types\/page"}],"author":[{"embeddable":true,"href":"https:\/\/troupedelamisericorde.fr\/index.php\/wp-json\/wp\/v2\/users\/1"}],"replies":[{"embeddable":true,"href":"https:\/\/troupedelamisericorde.fr\/index.php\/wp-json\/wp\/v2\/comments?post=17"}],"version-history":[{"count":1,"href":"https:\/\/troupedelamisericorde.fr\/index.php\/wp-json\/wp\/v2\/pages\/17\/revisions"}],"predecessor-version":[{"id":19,"href":"https:\/\/troupedelamisericorde.fr\/index.php\/wp-json\/wp\/v2\/pages\/17\/revisions\/19"}],"wp:attachment":[{"href":"https:\/\/troupedelamisericorde.fr\/index.php\/wp-json\/wp\/v2\/media?parent=17"}],"curies":[{"name":"wp","href":"https:\/\/api.w.org\/{rel}","templated":true}]}}