{"id":31,"date":"2025-02-01T23:33:46","date_gmt":"2025-02-01T22:33:46","guid":{"rendered":"http:\/\/troupedelamisericorde.fr\/?page_id=31"},"modified":"2025-02-15T20:34:55","modified_gmt":"2025-02-15T19:34:55","slug":"don-bosco","status":"publish","type":"page","link":"https:\/\/troupedelamisericorde.fr\/index.php\/don-bosco\/","title":{"rendered":"Don Bosco"},"content":{"rendered":"\n<div class=\"wp-block-columns are-vertically-aligned-center is-layout-flex wp-container-core-columns-is-layout-28f84493 wp-block-columns-is-layout-flex\">\n<div class=\"wp-block-column is-vertically-aligned-center is-layout-flow wp-block-column-is-layout-flow\" style=\"flex-basis:66.66%\">\n<p class=\"has-text-align-center\">&#8220;Non, pas avec les poings, mais avec la douceur !&#8221;<\/p>\n\n\n\n<p class=\"has-text-align-center\">Don Bosco, l\u2019ap\u00f4tre des jeunes<\/p>\n<\/div>\n\n\n\n<div class=\"wp-block-column is-vertically-aligned-center is-layout-flow wp-block-column-is-layout-flow\" style=\"flex-basis:33.33%\">\n<figure class=\"wp-block-image size-full\"><img loading=\"lazy\" decoding=\"async\" width=\"99\" height=\"142\" src=\"http:\/\/troupedelamisericorde.fr\/wp-content\/uploads\/2025\/02\/tract-recto-2.jpg\" alt=\"\" class=\"wp-image-34\"\/><\/figure>\n<\/div>\n<\/div>\n\n\n\n<p>Tr\u00e8s jeune il aimait les tours d\u2019adresse et d\u2019acrobatie. Il savait faire le funambule en marchant sur une corde tendue. Mais si des enfants venaient admirer ses prouesses, il en profitait pour leur parler du Bon Dieu. Issu d\u2019une famille pauvre, il faudra au jeune Jean Bosco beaucoup de foi, de d\u00e9termination et d\u2019audace pour devenir pr\u00eatre, contre la volont\u00e9 m\u00eame de son propre fr\u00e8re&nbsp;! Et pourtant rien ne peut r\u00e9sister \u00e0 la volont\u00e9 divine quand elle s\u2019exprime \u00e0 travers une vocation solide et d\u00e9termin\u00e9e.<\/p>\n\n\n\n<p>Don Bosco se consacre aux plus pauvres et particuli\u00e8rement aux adolescents que la soci\u00e9t\u00e9 consid\u00e8re comme perdus&nbsp;: voleurs, violents et parfois assassins, ils sont mis en prison pour que la soci\u00e9t\u00e9 soit prot\u00e9g\u00e9e et Don Bosco lutte pour leur faire comprendre qu\u2019un autre avenir est possible pour eux. Seul face aux autorit\u00e9s civiles et parfois \u00e0 l\u2019hostilit\u00e9 des jeunes eux-m\u00eames il agit sans rel\u00e2che guid\u00e9 par le seul amour de Dieu et du prochain. Ecoutons-le parler de sa m\u00e9thode&nbsp;folle aux yeux du monde mais si efficace aupr\u00e8s des jeunes&nbsp;: \u00ab&nbsp;il est toujours plus facile de s&#8217;irriter que de patienter, de menacer un enfant, que de le persuader ! Je dirai m\u00eame qu&#8217;il est plus facile, pour notre impatience et pour notre orgueil, de ch\u00e2tier les r\u00e9calcitrants que de les corriger, en les supportant avec fermet\u00e9 et douceur.&nbsp;\u00bb<\/p>\n\n\n\n<p>Quand un saint rencontre un autre saint c\u2019est une comp\u00e9tition de saintet\u00e9 qui s\u2019engage. Et c\u2019est ce qui se produisit lorsque Dominique Savio vint comme \u00e9l\u00e8ve dans l\u2019\u00e9cole de Don Bosco. H\u00e9las, la maladie rongea le jeune gar\u00e7on et Don Bosco perdit en lui une perle pr\u00e9cieuse mais il en forma bien d\u2019autres plus brillantes les unes que les autres.<\/p>\n\n\n\n<p>A force de patience et de charit\u00e9 Don Bosco semble avoir surmont\u00e9 tous les obstacles et fonde un ordre religieux, les sal\u00e9siens, pour le seconder dans sa t\u00e2che \u00e9ducative. Il lui faudra ob\u00e9ir \u00e0 sa hi\u00e9rarchie dans l\u2019humilit\u00e9 pour qu\u2019enfin la congr\u00e9gation des sal\u00e9siens soit approuv\u00e9e.<\/p>\n\n\n\n<p>Don Bosco sera b\u00e9atifi\u00e9 41 ans apr\u00e8s sa mort, canonis\u00e9 en 1934 par le pape Pie XI et proclam\u00e9 patron des \u00e9ducateurs.<\/p>\n\n\n\n<p>C\u2019est l\u2019histoire de ce saint et \u00e9ducateur hors du commun que retrace cette pi\u00e8ce&nbsp;!<\/p>\n\n\n\n<p>Enregistrement de la pi\u00e8ce :<\/p>\n\n\n\n<figure class=\"wp-block-embed is-type-video is-provider-youtube wp-block-embed-youtube wp-embed-aspect-16-9 wp-has-aspect-ratio\"><div class=\"wp-block-embed__wrapper\">\n<iframe loading=\"lazy\" title=\"&quot;Non, pas avec les poings, mais avec la douceur!&quot;\" width=\"500\" height=\"281\" src=\"https:\/\/www.youtube.com\/embed\/hTCkJ8TCQxI?start=1971&#038;feature=oembed\" frameborder=\"0\" allow=\"accelerometer; autoplay; clipboard-write; encrypted-media; gyroscope; picture-in-picture; web-share\" referrerpolicy=\"strict-origin-when-cross-origin\" allowfullscreen><\/iframe>\n<\/div><\/figure>\n\n\n\n<p>Photos de la pi\u00e8ce :<\/p>\n\n\n\n<figure class=\"wp-block-gallery has-nested-images columns-default is-cropped wp-block-gallery-1 is-layout-flex wp-block-gallery-is-layout-flex\">\n<figure class=\"wp-block-image size-large\"><img loading=\"lazy\" decoding=\"async\" width=\"1024\" height=\"591\" data-id=\"54\" src=\"https:\/\/troupedelamisericorde.fr\/wp-content\/uploads\/2025\/02\/cos-0250-1024x591.jpg\" alt=\"\" class=\"wp-image-54\" srcset=\"https:\/\/troupedelamisericorde.fr\/wp-content\/uploads\/2025\/02\/cos-0250-1024x591.jpg 1024w, https:\/\/troupedelamisericorde.fr\/wp-content\/uploads\/2025\/02\/cos-0250-300x173.jpg 300w, https:\/\/troupedelamisericorde.fr\/wp-content\/uploads\/2025\/02\/cos-0250-768x443.jpg 768w, https:\/\/troupedelamisericorde.fr\/wp-content\/uploads\/2025\/02\/cos-0250-1536x886.jpg 1536w, https:\/\/troupedelamisericorde.fr\/wp-content\/uploads\/2025\/02\/cos-0250.jpg 1920w\" sizes=\"auto, (max-width: 1024px) 100vw, 1024px\" \/><\/figure>\n\n\n\n<figure class=\"wp-block-image size-large\"><img loading=\"lazy\" decoding=\"async\" width=\"1024\" height=\"717\" data-id=\"55\" src=\"https:\/\/troupedelamisericorde.fr\/wp-content\/uploads\/2025\/02\/cos-0170-1024x717.jpg\" alt=\"\" class=\"wp-image-55\" srcset=\"https:\/\/troupedelamisericorde.fr\/wp-content\/uploads\/2025\/02\/cos-0170-1024x717.jpg 1024w, https:\/\/troupedelamisericorde.fr\/wp-content\/uploads\/2025\/02\/cos-0170-300x210.jpg 300w, https:\/\/troupedelamisericorde.fr\/wp-content\/uploads\/2025\/02\/cos-0170-768x538.jpg 768w, https:\/\/troupedelamisericorde.fr\/wp-content\/uploads\/2025\/02\/cos-0170-1536x1076.jpg 1536w, https:\/\/troupedelamisericorde.fr\/wp-content\/uploads\/2025\/02\/cos-0170.jpg 1920w\" sizes=\"auto, (max-width: 1024px) 100vw, 1024px\" \/><\/figure>\n\n\n\n<figure class=\"wp-block-image size-large\"><img loading=\"lazy\" decoding=\"async\" width=\"1024\" height=\"702\" data-id=\"56\" src=\"https:\/\/troupedelamisericorde.fr\/wp-content\/uploads\/2025\/02\/cos-0131-1024x702.jpg\" alt=\"\" class=\"wp-image-56\" srcset=\"https:\/\/troupedelamisericorde.fr\/wp-content\/uploads\/2025\/02\/cos-0131-1024x702.jpg 1024w, https:\/\/troupedelamisericorde.fr\/wp-content\/uploads\/2025\/02\/cos-0131-300x206.jpg 300w, https:\/\/troupedelamisericorde.fr\/wp-content\/uploads\/2025\/02\/cos-0131-768x527.jpg 768w, https:\/\/troupedelamisericorde.fr\/wp-content\/uploads\/2025\/02\/cos-0131-1536x1054.jpg 1536w, https:\/\/troupedelamisericorde.fr\/wp-content\/uploads\/2025\/02\/cos-0131.jpg 1920w\" sizes=\"auto, (max-width: 1024px) 100vw, 1024px\" \/><\/figure>\n\n\n\n<figure class=\"wp-block-image size-large\"><img loading=\"lazy\" decoding=\"async\" width=\"1024\" height=\"743\" data-id=\"53\" src=\"https:\/\/troupedelamisericorde.fr\/wp-content\/uploads\/2025\/02\/dsc-0115-1024x743.jpg\" alt=\"\" class=\"wp-image-53\" srcset=\"https:\/\/troupedelamisericorde.fr\/wp-content\/uploads\/2025\/02\/dsc-0115-1024x743.jpg 1024w, https:\/\/troupedelamisericorde.fr\/wp-content\/uploads\/2025\/02\/dsc-0115-300x218.jpg 300w, https:\/\/troupedelamisericorde.fr\/wp-content\/uploads\/2025\/02\/dsc-0115-768x557.jpg 768w, https:\/\/troupedelamisericorde.fr\/wp-content\/uploads\/2025\/02\/dsc-0115-1536x1114.jpg 1536w, https:\/\/troupedelamisericorde.fr\/wp-content\/uploads\/2025\/02\/dsc-0115.jpg 1920w\" sizes=\"auto, (max-width: 1024px) 100vw, 1024px\" \/><\/figure>\n\n\n\n<figure class=\"wp-block-image size-large\"><img loading=\"lazy\" decoding=\"async\" width=\"1024\" height=\"688\" data-id=\"52\" src=\"https:\/\/troupedelamisericorde.fr\/wp-content\/uploads\/2025\/02\/dsc-0137-1024x688.jpg\" alt=\"\" class=\"wp-image-52\" srcset=\"https:\/\/troupedelamisericorde.fr\/wp-content\/uploads\/2025\/02\/dsc-0137-1024x688.jpg 1024w, https:\/\/troupedelamisericorde.fr\/wp-content\/uploads\/2025\/02\/dsc-0137-300x202.jpg 300w, https:\/\/troupedelamisericorde.fr\/wp-content\/uploads\/2025\/02\/dsc-0137-768x516.jpg 768w, https:\/\/troupedelamisericorde.fr\/wp-content\/uploads\/2025\/02\/dsc-0137-1536x1032.jpg 1536w, https:\/\/troupedelamisericorde.fr\/wp-content\/uploads\/2025\/02\/dsc-0137.jpg 1920w\" sizes=\"auto, (max-width: 1024px) 100vw, 1024px\" \/><\/figure>\n\n\n\n<figure class=\"wp-block-image size-large\"><img loading=\"lazy\" decoding=\"async\" width=\"1024\" height=\"614\" data-id=\"51\" src=\"https:\/\/troupedelamisericorde.fr\/wp-content\/uploads\/2025\/02\/cos-0325-1024x614.jpg\" alt=\"\" class=\"wp-image-51\" srcset=\"https:\/\/troupedelamisericorde.fr\/wp-content\/uploads\/2025\/02\/cos-0325-1024x614.jpg 1024w, https:\/\/troupedelamisericorde.fr\/wp-content\/uploads\/2025\/02\/cos-0325-300x180.jpg 300w, https:\/\/troupedelamisericorde.fr\/wp-content\/uploads\/2025\/02\/cos-0325-768x461.jpg 768w, https:\/\/troupedelamisericorde.fr\/wp-content\/uploads\/2025\/02\/cos-0325-1536x922.jpg 1536w, https:\/\/troupedelamisericorde.fr\/wp-content\/uploads\/2025\/02\/cos-0325.jpg 1920w\" sizes=\"auto, (max-width: 1024px) 100vw, 1024px\" \/><\/figure>\n<\/figure>\n","protected":false},"excerpt":{"rendered":"<p>&#8220;Non, pas avec les poings, mais avec la douceur !&#8221; Don Bosco, l\u2019ap\u00f4tre des jeunes Tr\u00e8s jeune il aimait les tours d\u2019adresse et d\u2019acrobatie. Il savait faire le funambule en marchant sur une corde tendue. Mais si des enfants venaient admirer ses prouesses, il en profitait pour leur parler du Bon Dieu. Issu d\u2019une famille [&hellip;]<\/p>\n","protected":false},"author":1,"featured_media":0,"parent":0,"menu_order":0,"comment_status":"closed","ping_status":"closed","template":"","meta":{"footnotes":""},"class_list":["post-31","page","type-page","status-publish","hentry"],"_links":{"self":[{"href":"https:\/\/troupedelamisericorde.fr\/index.php\/wp-json\/wp\/v2\/pages\/31","targetHints":{"allow":["GET"]}}],"collection":[{"href":"https:\/\/troupedelamisericorde.fr\/index.php\/wp-json\/wp\/v2\/pages"}],"about":[{"href":"https:\/\/troupedelamisericorde.fr\/index.php\/wp-json\/wp\/v2\/types\/page"}],"author":[{"embeddable":true,"href":"https:\/\/troupedelamisericorde.fr\/index.php\/wp-json\/wp\/v2\/users\/1"}],"replies":[{"embeddable":true,"href":"https:\/\/troupedelamisericorde.fr\/index.php\/wp-json\/wp\/v2\/comments?post=31"}],"version-history":[{"count":3,"href":"https:\/\/troupedelamisericorde.fr\/index.php\/wp-json\/wp\/v2\/pages\/31\/revisions"}],"predecessor-version":[{"id":86,"href":"https:\/\/troupedelamisericorde.fr\/index.php\/wp-json\/wp\/v2\/pages\/31\/revisions\/86"}],"wp:attachment":[{"href":"https:\/\/troupedelamisericorde.fr\/index.php\/wp-json\/wp\/v2\/media?parent=31"}],"curies":[{"name":"wp","href":"https:\/\/api.w.org\/{rel}","templated":true}]}}